0 = 3*a, 0 = 2*a - 8. Suppose 3*w = 5*p - m - 583, -1373 = -5*p - w. Calculate the highest common divisor of p and 33.
11
Suppose 5*l + 4663 = 3*r, -7749 = 279*r - 284*r - 3*l. What is the greatest common factor of 11 and r?
11
Let u(d) = -d - 1. Let m(f) = 14*f + 21. Let y(k) = -m(k) - 6*u(k). Let x be y(-4). Calculate the greatest common factor of x and 153.
17
Let z(w) = -13*w + 124. Let i be z(-8). Suppose 4*g - 300 + i = 0. Let s be 200 + (-2 - (0 + 0)). What is the highest common divisor of g and s?
18
Let g = 340 + -205. Suppose -12*s + 7*s + g = 0. Let q be (-1701)/(-35)*(2 + 3). What is the highest common factor of q and s?
27
Let d be 406/5 + 3/(-15). Let n = -257 + 260. Suppose -3*b - 2*g = -154, -6*b + 5*g = -n*b - 182. Calculate the highest common factor of d and b.
27
Let y be (0 - 135/(-10))*2*4. Let o = -1801 + 1837. Calculate the greatest common factor of y and o.
36
Let s be 7/28 - (-90)/(-8). Let b(i) = -3*i + 14. Let g be b(s). Let n = -46 + g. What is the highest common divisor of 1 and n?
1
Suppose -2*w - 9 = -y, 0*y - 2*y = 4*w - 18. Let c(h) = -2*h + 0*h + 8 + 5*h + 2*h - 4*h. Let r be c(y). Calculate the greatest common divisor of r and 136.
17
Let o be (6/(-3))/((-4)/98). Let k = o + -13. Let c = -4970 - -5222. What is the greatest common divisor of k and c?
36
Suppose -5*s + 7*s = 10. Suppose a + 6 - 3 = 5*f, 3*f + 15 = -5*a. Suppose -4*l - 3*l + 35 = f. Calculate the greatest common divisor of s and l.
5
Suppose -3*s - 10*s - 4732 = 0. Let p be s/(-18) - 0 - (-6)/(-27). What is the greatest common factor of p and 180?
20
Let b(n) = n**2 + n + 30. Let p be b(0). Calculate the greatest common divisor of 465 and p.
15
Let j = 4316 + -4246. What is the highest common factor of 63 and j?
7
Let i(l) = 326*l + 2700. Let o be i(5). What is the highest common factor of 50 and o?
10
Let b(v) = 0*v + 0*v - 7*v + 6*v + 1. Let f(c) = 2*c + 14. Let m(k) = 3*b(k) - f(k). Let p be m(-9). What is the highest common divisor of p and 170?
34
Let z be -1*2*(-95)/10. Calculate the highest common divisor of z and 10906.
19
Let j = -5973 - -8918. Calculate the greatest common divisor of j and 310.
155
Suppose -2*s = y + 3, 2*s - 7 = -3*y - 0*s. Suppose 0 = -y*c - 1652 + 2042. Calculate the highest common factor of c and 351.
39
Suppose 0 = 30*u + 2*u - 576. What is the highest common divisor of u and 17838?
18
Suppose 2*h = -4, -2*w - 4*h = -4 + 2. Suppose -w*d + 46 = -104. Let z = d - -26. Calculate the highest common factor of 168 and z.
56
Let z(t) = t**3 + 6*t**2 + 12*t + 28. Let x(u) = -6*u**2 - 49*u - 12. Let l be x(-8). Let j be z(l). Calculate the greatest common factor of 4 and j.
4
Suppose 4*c - 23 = -3. Suppose c*y = 2905 - 705. Calculate the highest common divisor of y and 176.
88
Let k(t) = -21*t - 243. Let g be k(-20). Let c be ((-2)/(-2))/(3/708). Calculate the highest common factor of c and g.
59
Let h(p) = 38*p**2 + 8*p. Let q be h(-2). What is the highest common divisor of q and 1734?
34
Let c(g) = 6*g - 64. Let m be c(12). Suppose 5*n = -q - m, 24 = 3*q - 5*n + 8*n. Calculate the greatest common factor of q and 102.
6
Let l be 69/(-46) + (-3 - 651/(-14)). Let y = 147 - 91. Calculate the greatest common divisor of l and y.
14
Let l(h) = h - 4. Let o be l(7). Suppose -w - 3 = o*g, 12 = -0*g + 4*g - 4*w. Suppose -5*f - f + 60 = g. What is the highest common factor of 150 and f?
10
Let t be 2/1 - (-5 + -2). Let i = 860 + -745. Suppose -4*d = -583 + i. What is the greatest common factor of d and t?
9
Let r = -23413 - -23601. What is the highest common factor of 5123 and r?
47
Suppose -d + 3*s = -34, -3*d + 5*s + 29 = -73. Let z(k) = k**2 + 41*k + 34. Let h be z(0). Calculate the greatest common factor of d and h.
34
Suppose -175*i + 4*r = -173*i - 100, -164 = -4*i + 2*r. Calculate the highest common factor of 399 and i.
19
Suppose -503*b + 3334 = -7229. Let o = -1229 + 1754. What is the highest common factor of b and o?
21
Suppose -3*b = 3*s - 6, 0*b + 3*b + 5*s = 6. Let g be 1 + 3 + -4 - b. Let c be g/1*11/(-2). What is the highest common factor of 77 and c?
11
Suppose 14*k - 473 = 6387. Calculate the greatest common divisor of 441 and k.
49
Let b = 558 - 60. Suppose -4*m + 84 = -5*k, -2*k = 12684*m - 12689*m + 54. Calculate the highest common divisor of b and m.
6
Let q(j) = -10*j**2 - 142*j. Let v be q(-14). What is the greatest common factor of v and 1092?
28
Let i = -2562 - -5152. Calculate the greatest common divisor of 30 and i.
10
Suppose -3*x - j = -4*x + 243, -2*j - 730 = -3*x. Suppose -x - 229 = -43*b. What is the greatest common divisor of b and 737?
11
Let n be ((-18)/2)/(366/(-20) + 18). What is the highest common divisor of 3030 and n?
30
Suppose -33*j + 29*j = -2*f + 40, -2*f = j - 30. Calculate the highest common factor of 208 and f.
16
Suppose -70*q = -13*q + 9*q - 296736. Calculate the highest common divisor of q and 16.
16
Let v = -218 + 229. Suppose 3*u - 120 = 1101. What is the greatest common divisor of u and v?
11
Let n(r) = 23*r - 51*r + 27*r + 5. Let x be n(1). What is the highest common divisor of x and 24?
4
Let m = -4175 - -4177. What is the greatest common factor of 1218 and m?
2
Suppose 3 = 10*o - 27. Suppose -k + 9 = -s, -o*s = 3*k + k - 15. Calculate the greatest common divisor of k and 168.
6
Suppose -542*k - 315 = -577*k. What is the highest common divisor of k and 113?
1
Let t be 262 + (38/(-10) - (-4 - (-189)/45)). What is the highest common divisor of t and 2967?
129
Suppose 2254 = -31*m + 3742. What is the highest common factor of m and 696?
24
Suppose -4*d = 2*a - 66, 5*d - 78 = -62*a + 61*a. Calculate the greatest common factor of 405 and d.
15
Let p be -2 - 0 - (-1 - 5). Suppose -13*h + r + 234 = -10*h, 4*r + 320 = p*h. Calculate the greatest common factor of 33 and h.
11
Let m(h) = 35*h + 407. Let k be m(-13). Let o be (k/60)/((-4)/30)*2. What is the greatest common divisor of 948 and o?
12
Suppose 3*a - p - 27 - 26 = 0, -5*a = -3*p - 87. Let i = 616 + -427. What is the highest common factor of a and i?
9
Let k(s) be the second derivative of -s**5/10 - 5*s**4/12 + s**3/6 - 2*s**2 - 2*s - 32. Let y be k(-4). What is the highest common factor of 85 and y?
5
Let u(x) = 37*x + 664. Let f be u(-8). Calculate the highest common factor of 128 and f.
16
Let i(r) = 1 - 4*r - 1. Let f be i(-6). Let n(o) = -o**3 - 18*o**2 - 80*o - 24. Let a be n(-6). What is the highest common divisor of f and a?
24
Let w = -2498 + 3008. What is the greatest common factor of 48 and w?
6
Let i(f) = -13*f + 9. Let w be i(0). Let h(q) = 10 - 1 + 0*q**2 + 12*q - q**2. Let n be h(w). Calculate the highest common factor of 18 and n.
18
Let v(s) be the first derivative of s**3/3 - 11*s**2/2 - 18*s + 5. Let y be v(14). Suppose -35*f = f - 288. What is the highest common factor of f and y?
8
Suppose 23*w = -3305 - 720. Let m = w - -196. What is the highest common factor of m and 63?
21
Let y(p) be the third derivative of 0*p + 0 + 1/2*p**3 - 17*p**2 - 13/8*p**4. Let t be y(-1). Calculate the highest common divisor of 14 and t.
14
Suppose 2*f - 165 - 121 = 0. Suppose m - 190 = -3*m - 5*p, -3*m - 4*p = -f. Calculate the greatest common divisor of m and 25.
5
Suppose 0 = -4*t - 4, 3723 = 5*c - 3*t - 1020. Suppose l = -468 + c. Calculate the highest common factor of 384 and l.
96
Let d be 39/(-26)*21/9*-2. Let g be (0 + d)*29 + 5. Calculate the highest common factor of g and 39.
13
Let x = 210 - 36. What is the greatest common divisor of x and 12?
6
Let k be 155*(2 + (-7)/5). Let z = k - 85. Calculate the highest common divisor of z and 72.
8
Let v = -328 + 332. Let q(p) be the second derivative of p**4/6 - 2*p**3/3 - 4*p**2 - 4*p. Let a be q(v). What is the greatest common divisor of 20 and a?
4
Let i = -107 - -131. Suppose -11*y + i*y - 65 = 0. What is the greatest common divisor of 65 and y?
5
Let c = 253 + -136. Let s = c - 85. What is the greatest common factor of s and 56?
8
Let s be (32/12*1)/((-2)/(-39)). Calculate the highest common divisor of s and 512.
4
Suppose 24 = -4*j - 3*w - 0*w, 3*w + 12 = 0. Let a be ((-2)/(-7))/(j/(-21)). Suppose a*l = 22 + 58. What is the greatest common factor of 24 and l?
8
Suppose -262 = -4*u + m, u = 2*m + 3*m + 56. Suppose -36 = w - 47. What is the greatest common divisor of u